{"id":2,"date":"2022-04-11T16:31:16","date_gmt":"2022-04-11T19:31:16","guid":{"rendered":"http:\/\/elisama.com.br\/?page_id=2"},"modified":"2022-05-24T09:47:15","modified_gmt":"2022-05-24T12:47:15","slug":"pagina-exemplo","status":"publish","type":"page","link":"http:\/\/elisama.com.br\/?page_id=2","title":{"rendered":"Contribua"},"content":{"rendered":"\n<p class=\"has-text-align-center\">Tudo que estamos vivendo e sonhando fazemos com a ajuda de pessoas que&nbsp;<strong>acreditam e<\/strong>&nbsp;<strong>praticam a generosidade<\/strong>. Essa \u00e9 a nossa for\u00e7a, contar com o compromisso de todos que amam esta igreja. Fa\u00e7a parte do que Deus est\u00e1 fazendo e nos apoie financeiramente tamb\u00e9m.<\/p>\n\n\n\n<p class=\"has-text-align-center\"><strong>Sua generosidade \u00e9 importante para nossa igreja e valorizamos isso! Usamos com responsabilidade e sabedoria tudo o que Deus nos confiou.<\/strong><\/p>\n\n\n\n<p class=\"has-text-align-center\">Escolha a forma que desejar e contribua.<\/p>\n\n\n\n<p><\/p>\n\n\n\n<div class=\"wp-block-image\"><figure class=\"aligncenter size-full\"><img loading=\"lazy\" decoding=\"async\" width=\"200\" height=\"200\" src=\"http:\/\/elisama.com.br\/wp-content\/uploads\/2022\/05\/envelope.png\" alt=\"\" class=\"wp-image-165\" srcset=\"http:\/\/elisama.com.br\/wp-content\/uploads\/2022\/05\/envelope.png 200w, http:\/\/elisama.com.br\/wp-content\/uploads\/2022\/05\/envelope-150x150.png 150w\" sizes=\"auto, (max-width: 200px) 100vw, 200px\" \/><\/figure><\/div>\n\n\n\n<p class=\"has-text-align-center\"><strong>Voc\u00ea pode contribuir durante os nossos encontros via envelope.<\/strong><\/p>\n\n\n\n<p class=\"has-text-align-center\">Se precisar de ajuda ou tiver d\u00favidas, temos volunt\u00e1rios que te ajudar\u00e3o. Fique \u00e0 vontade e contribua.<\/p>\n\n\n\n<div class=\"wp-block-image\"><figure class=\"aligncenter size-full\"><img loading=\"lazy\" decoding=\"async\" width=\"200\" height=\"200\" src=\"http:\/\/elisama.com.br\/wp-content\/uploads\/2022\/05\/banco.png\" alt=\"\" class=\"wp-image-167\" srcset=\"http:\/\/elisama.com.br\/wp-content\/uploads\/2022\/05\/banco.png 200w, http:\/\/elisama.com.br\/wp-content\/uploads\/2022\/05\/banco-150x150.png 150w\" sizes=\"auto, (max-width: 200px) 100vw, 200px\" \/><\/figure><\/div>\n\n\n\n<p class=\"has-text-align-center\"><strong>Voc\u00ea pode contribuir atrav\u00e9s de transfer\u00eancia banc\u00e1ria.<\/strong><\/p>\n\n\n\n<p class=\"has-text-align-center\">Igreja Batista Elisama<br>CNPJ: 07.411.656\/0001-46<\/p>\n\n\n\n<p class=\"has-text-align-center\">Banco Bradesco | AG 2715 | Conta 17478-5<\/p>\n\n\n\n<div class=\"wp-block-image\"><figure class=\"aligncenter size-full\"><img loading=\"lazy\" decoding=\"async\" width=\"200\" height=\"200\" src=\"http:\/\/elisama.com.br\/wp-content\/uploads\/2022\/05\/pix.png\" alt=\"\" class=\"wp-image-168\" srcset=\"http:\/\/elisama.com.br\/wp-content\/uploads\/2022\/05\/pix.png 200w, http:\/\/elisama.com.br\/wp-content\/uploads\/2022\/05\/pix-150x150.png 150w\" sizes=\"auto, (max-width: 200px) 100vw, 200px\" \/><\/figure><\/div>\n\n\n\n<p class=\"has-text-align-center\"><strong>Voc\u00ea pode contribuir atrav\u00e9s do PIX. \u00c9 f\u00e1cil e r\u00e1pido.<\/strong><\/p>\n\n\n\n<p class=\"has-text-align-center\">Igreja Batista Elisama<br>Chave CNPJ: 07.411.656\/0001-46<\/p>\n","protected":false},"excerpt":{"rendered":"<p>Tudo que estamos vivendo e sonhando fazemos com a ajuda de pessoas que&nbsp;acreditam e&nbsp;praticam a generosidade. Essa \u00e9 a nossa for\u00e7a, contar com o compromisso de todos que amam esta igreja. Fa\u00e7a parte do que Deus est\u00e1 fazendo e nos apoie financeiramente tamb\u00e9m. Sua generosidade \u00e9 importante para nossa igreja e valorizamos isso! Usamos com [&hellip;]<\/p>\n","protected":false},"author":1,"featured_media":0,"parent":0,"menu_order":0,"comment_status":"closed","ping_status":"open","template":"","meta":{"footnotes":""},"class_list":["post-2","page","type-page","status-publish","hentry"],"_links":{"self":[{"href":"http:\/\/elisama.com.br\/index.php?rest_route=\/wp\/v2\/pages\/2","targetHints":{"allow":["GET"]}}],"collection":[{"href":"http:\/\/elisama.com.br\/index.php?rest_route=\/wp\/v2\/pages"}],"about":[{"href":"http:\/\/elisama.com.br\/index.php?rest_route=\/wp\/v2\/types\/page"}],"author":[{"embeddable":true,"href":"http:\/\/elisama.com.br\/index.php?rest_route=\/wp\/v2\/users\/1"}],"replies":[{"embeddable":true,"href":"http:\/\/elisama.com.br\/index.php?rest_route=%2Fwp%2Fv2%2Fcomments&post=2"}],"version-history":[{"count":8,"href":"http:\/\/elisama.com.br\/index.php?rest_route=\/wp\/v2\/pages\/2\/revisions"}],"predecessor-version":[{"id":169,"href":"http:\/\/elisama.com.br\/index.php?rest_route=\/wp\/v2\/pages\/2\/revisions\/169"}],"wp:attachment":[{"href":"http:\/\/elisama.com.br\/index.php?rest_route=%2Fwp%2Fv2%2Fmedia&parent=2"}],"curies":[{"name":"wp","href":"https:\/\/api.w.org\/{rel}","templated":true}]}}